 30. Let v(m) = -m**3 - 12*m**2 + m + 5. Let n be v(k). List the prime factors of (-79)/n + (-2)/7.
11
Suppose 2*i + 4*l = 4*i - 268, -524 = -4*i + 2*l. Let y = 192 - i. List the prime factors of y.
2, 31
Suppose -116*x = -107*x - 39690. What are the prime factors of x?
2, 3, 5, 7
Suppose -2648 - 2008 = -6*f. List the prime factors of f.
2, 97
What are the prime factors of (-2*1 - 1)*6955/(-39)?
5, 107
Let s = -483 + 1098. What are the prime factors of s?
3, 5, 41
Let y be ((12/(-2))/((-24)/16))/2. Suppose -50 = -y*j + 3*z + z, 0 = -3*j + 5*z + 72. List the prime factors of j.
19
Let s = -5043 - -8849. What are the prime factors of s?
2, 11, 173
Suppose -4*l = 2*g - 452 - 904, 0 = 2*g + l - 1365. List the prime factors of g.
2, 3, 19
Let v be 14/35*5*46. Suppose -828 = -10*n + v. What are the prime factors of n?
2, 23
Let i = 473 + -268. List the prime factors of i.
5, 41
Let b(r) = -3*r**2 + 144*r + 70. What are the prime factors of b(27)?
7, 11, 23
Let b(f) = f**3 + 22*f**2 - 8*f + 7. Let k be b(-22). Suppose 153 + k = 3*a. What are the prime factors of a?
2, 7
Suppose 0 = 2*g - b - 1211, 2*b - 1202 = -8*g + 6*g. List the prime factors of g.
2, 151
Suppose -g = 4*g + 25, -8 = -a + g. Suppose -192 = -v - a*v. What are the prime factors of v?
2, 3
Suppose 0 = -230*g + 234*g - 2040. What are the prime factors of g?
2, 3, 5, 17
Let n = 64 - -13. Let w = -20 + n. What are the prime factors of w?
3, 19
Let g(r) = r**2 + 4*r + 20. Let q be g(6). Let m = -29 + q. List the prime factors of m.
3, 17
Let p(z) = -9*z + 7. Suppose -4*i = -3*h, -2*h = 5*i + 20 + 3. List the prime factors of p(h).
43
Suppose 5*k = 17 + 3, v + 5*k = 18. Let n(f) = -8 - 14*f - 1 + 7. What are the prime factors of n(v)?
2, 13
Let j be 6/(-30) - ((-63)/15 + 1). Let n(a) = 2*a**2 - a + 1. Let q be n(1). Suppose -q*d + 9 = o, -j*d + 7 = -2*o + 32. List the prime factors of o.
11
Suppose -10 = u - 17. Suppose 5 = -p, -2*p = 3*l - u*p - 781. What are the prime factors of l?
2, 3, 7
Let f be 1 + 0 + -3 + 6. Let z be 10*(f + (-72)/20). Suppose -20 = z*n, 6*n - n = k - 27. List the prime factors of k.
2
Let v(y) = 173*y + 6. List the prime factors of v(1).
179
Let u = 77 - 43. Suppose 3*g + 2*h = 197, 76 = 2*g - 4*h - u. What are the prime factors of g?
3, 7
Suppose 0 = 5*z + 80 + 10. Let w be (-249)/z + (-3)/(-18). What are the prime factors of 486/w - 42/(-147)?
5, 7
Let r(q) = 0 + 3*q**3 + 0 - 2 - 2*q + 2*q**2. Suppose 40 - 28 = 6*s. List the prime factors of r(s).
2, 13
What are the prime factors of (-96822)/396*124/(-6)?
31, 163
List the prime factors of 4 + ((2 - 1962)/(-5) - 3).
3, 131
Let r be (-182)/(-49) + (-4)/(-14). Suppose -5*o + r*o = 7. Let t = o - -25. What are the prime factors of t?
2, 3
Let r be (-1)/(10/4) - 6128/(-20). Let s = -158 + r. List the prime factors of s.
2, 37
Let o(j) = 7*j**2 + 8*j + 6. Let l be o(-5). Let m(k) = -4*k**3 - 31*k**2 - 8*k - 6. Let n be m(-7). Let d = l + n. What are the prime factors of d?
2, 11
Let f(m) = m**2 - 17*m + 16. Let o be f(16). Suppose -r - 17 + 78 = o. What are the prime factors of r?
61
Suppose -814 - 372 = -2*p + 2*n, 9 = -3*n. List the prime factors of p.
2, 5, 59
Suppose -b - 5*j - 3 = 5, 4*b - 5*j = 68. Suppose 20 = p - b. What are the prime factors of p?
2
Let x(k) = 20 - 6*k**2 + k**3 + 2*k**2 + 2*k - 25 + 0*k**2. Let u be x(6). Let j = u + -27. What are the prime factors of j?
2, 13
Let u(n) = -n**3 - 4*n**2 - 2. Suppose 2*f + 3 = 9. Suppose -f*b - 20 = 2*d + 3*d, 0 = -4*d - 4. What are the prime factors of u(b)?
23
Let x(r) = 3*r**2 + 8*r + 12. Let t = -42 + 36. What are the prime factors of x(t)?
2, 3
Let m = 4 - 10. Let j(w) = -2*w - 5. Let c be j(m). Suppose -c*b = -2*b - 75. List the prime factors of b.
3, 5
Let i(t) = 5*t + 1 - 1. Let g = -44 - -48. What are the prime factors of i(g)?
2, 5
Let f = -49 - -56. Suppose u + 4*b = 42, -5*b = 2*u - f*u + 310. What are the prime factors of u?
2, 29
Let b be (-4)/6*(-18)/4. Suppose 120 = -b*k - k. List the prime factors of (100/12)/((-5)/k).
2, 5
Suppose 0*u - 52 = -2*u + 2*l, -5*u + 2*l + 142 = 0. Let q = u - 3. Suppose 2*p - 21 = -3*k + 2*k, 0 = 2*p - 5*k - q. List the prime factors of p.
11
Let w = 8226 + -5750. What are the prime factors of w?
2, 619
Let w = 8073 + -5568. List the prime factors of w.
3, 5, 167
Let d = -31 - -33. Suppose 2*r = d*k + 210, 7*k - 4*k = 6. What are the prime factors of r?
107
Let c(x) = -16*x - 107. What are the prime factors of c(-27)?
5, 13
What are the prime factors of (0 + 1 + 5 + -10)*-331?
2, 331
Suppose 0 = -s + l + 469, 232 + 706 = 2*s + 3*l. What are the prime factors of s?
7, 67
What are the prime factors of 4/(-9) - -38*5960/90?
2, 17, 37
Let l(s) be the first derivative of s**3/3 + 4*s**2 - 2. Let o be l(-4). Let w = 9 - o. What are the prime factors of w?
5
Suppose 7*m = 28*m - 43617. What are the prime factors of m?
31, 67
Suppose 0 = 35*c - 16135 - 7875. List the prime factors of c.
2, 7
Suppose 0 = 10*l - 5687 + 747. List the prime factors of l.
2, 13, 19
Let o be (1 - 6)/((-12)/216). Let j = o - 41. What are the prime factors of j?
7
Let b = 205 - 42. Let g = 228 - b. List the prime factors of g.
5, 13
Let g(t) = 6*t**2 - 5*t + 6. Let d be g(3). Let k = d - -91. What are the prime factors of k?
2, 17
Let n = 87 + -117. Suppose 2*r = -2*r - 184. Let i = n - r. List the prime factors of i.
2
Let k(s) = 5*s**2 + 22*s + 15. List the prime factors of k(6).
3, 109
Let t be (-6)/4*(-12)/9. Let s(l) = -2*l**t + l**3 - 9 - 7 + 14 - l. List the prime factors of s(4).
2, 13
Let i(y) = -y**2 - 4*y - 9. Let q(c) = -c - 2. Let r(d) = -6*i(d) + 26*q(d). List the prime factors of r(-3).
2, 31
Suppose -5*x + 7 = 2*t + t, 0 = -2*x - 3*t + 1. Let j be 2 + 24/(0 + x). Suppose z = -z + j. What are the prime factors of z?
7
Let c(h) = -1 - h - 4 + h**2 + 1 + 5. Let n be c(6). Suppose 4*o = -3*v + 105, 0 = 2*o + 2*v - 21 - n. What are the prime factors of o?
3
Let z(a) = 195*a**3 + 4*a**2 - 6*a + 2. Suppose u - 6 = -4*c, -4*c + 6*u = 4*u. List the prime factors of z(c).
3, 5, 13
Suppose -17 + 2 = 5*f. Let u(o) = 73*o - 1. Let z(w) = -35*w + 1. Let n(g) = 6*u(g) + 13*z(g). List the prime factors of n(f).
2, 29
Let o be (-1 - 2)*(-1420)/15. Suppose l = -3*l + o. What are the prime factors of l?
71
What are the prime factors of ((796 - (3 - 0)) + 2)/1?
3, 5, 53
Let j = -640 - -1322. List the prime factors of j.
2, 11, 31
Suppose -1098*p + 1084*p + 67956 = 0. List the prime factors of p.
2, 3, 809
Suppose 5*v - 2*x = -3*x + 2005, -1203 = -3*v + 4*x. What are the prime factors of v?
401
Let j(q) = q - 3. Let b be j(7). Let f be 9/4 + (-1)/b. Suppose f*d + 20 = 6*d. What are the prime factors of d?
5
Suppose -5*w + 4*j + 4993 = 2*j, 0 = w + 2*j - 1001. What are the prime factors of w?
3, 37
Let k(o) = 7*o - 121. What are the prime factors of k(23)?
2, 5
Let j be ((-8)/(-10))/((-4)/70). Let f be (-4)/((j/(-92))/(-7)). Suppose -5*v + 4*s + 180 + 50 = 0, 0 = 4*v - 4*s - f. What are the prime factors of v?
2, 23
Let c = -2853 - -6391. List the prime factors of c.
2, 29, 61
Suppose -5*r = -3*b + 106 + 10, -44 = -b + 3*r. Suppose -2*p = 2*j - 26, 0 = 5*p + 4*j - b - 35. Let i(c) = c - 11. What are the prime factors of i(p)?
2
What are the prime factors of ((-2)/9)/((-20)/159930)?
1777
Let l(a) = -a**2 + 2*a + 5. Let k be l(3). Suppose 4*d = p - 35, -d - k*d = -4*p + 127. List the prime factors of p.
31
Suppose 20 = 21*k - 64. Let h(v) = 7*v**2 - 4*v + 2. Let n(u) = 8*u**2 - 4*u + 2. Let t(s) = 6*h(s) - 5*n(s). What are the prime factors of t(k)?
2, 3
Let n(v) = -2*v**3 + 2*v**2 + 2*v + 1. Let w(y) = y - 9. Let j be w(8). Let z be n(j). Suppose 7*r - 76 = z*r. List the prime factors of r.
19
Let z(l) = 5 - 6*l - 7*l + 20*l. What are the prime factors of z(7)?
2, 3
Let u be ((-2)/4)/((-8)/64). Suppose 0 - 12 = -u*d. Suppose d*n - q - 76 = 0, 120 + 12 = 5*n + q. List the prime factors of n.
2, 13
Let k(z) = 54*z**2 + 9*z - 19. List the prime factors of k(-5).
2, 643
Suppose 3806*x + 15741 = 3817*x. What are the prime factors of x?
3, 53
Suppose 2*x + m - 1405 = 1143, x - 4*m - 1265 = 0. List the prime factors of x.
19, 67
Suppose -3*j + 2*k = 404, 49 = 4*j - k + 581. Let u = j + 207. What are the prime factors of u?
3, 5
Let y = -47 - -133. Let u = -